igit of u?
3
Suppose -289*f + 282*f + 17794 = 0. What is the hundreds digit of f?
5
Let d(j) = 2*j**2 + 7*j - 6. Let w be d(-9). Suppose -5*l + 5*y = -l - w, 3*l - 69 = 3*y. Let p = l - 7. What is the tens digit of p?
1
Let p(w) = 2*w**3 - 11*w**2 + 6*w - 9. Suppose -s = 7 - 14. What is the units digit of p(s)?
0
Suppose 34*z = 12*z + 5500. What is the hundreds digit of z?
2
Let z be -14*(23/(-7) - -3). Suppose -58 = -z*u + 58. Let w = u + 1. What is the tens digit of w?
3
Suppose 7*f - 34 = 6*f + 5*l, 2*f - 68 = -3*l. Suppose -151 = 33*w - f*w. What is the units digit of w?
1
Let q(p) = p**2 - p. Suppose -2*z = -3*z + 30. Suppose 3*x - 41 = -2*x + k, -2*k + z = 4*x. What is the units digit of q(x)?
6
Let g be 0 + (-7)/((-7)/4). What is the tens digit of (128/24)/(g/54)?
7
Suppose o - 2 = -o + 4*q, o - 5*q + 2 = 0. Let y be -3 - (3 - (o - -8)). Suppose 162 = y*a + 22. What is the tens digit of a?
2
Suppose -18012 = 65*t - 67867. What is the units digit of t?
7
Suppose -2*x + 37*g - 36*g + 3252 = 0, -5*x - 4*g = -8130. What is the units digit of x?
6
Suppose 5*l + 3*a - 2157 = 0, 7*l - a = 2*l + 2141. What is the units digit of l?
9
Suppose 4*f = -8 - 20. What is the units digit of (-68)/f + 12/42?
0
Suppose -4*i + 0 + 8 = 0. Suppose v - i - 18 = 0. Suppose v*l - 31 = 19*l. What is the tens digit of l?
3
Suppose p - 11 = 6. Let u = 23 - p. Suppose u*g - 165 = g. What is the tens digit of g?
3
Suppose 2*o = -2*y + 1310, -3*y = -3 - 9. What is the tens digit of o?
5
Suppose -4*a + 672 = 5*x, -x - 5*a = -4*x + 381. Let b be ((-2)/(-3))/((-8)/x). Let v = b - -80. What is the units digit of v?
9
What is the hundreds digit of (-2)/(-4)*3/(9/636)?
1
Let g be 6/(15/20*2). Suppose -2*q = 3*m - 107, g*m - 5*q - 135 = 23. What is the units digit of m?
7
Suppose -4*x = m - 14267, m + 3113 = 2*x - 4022. What is the tens digit of x?
6
Suppose 5*o + 5 = 20. Suppose 1 - 10 = o*s. What is the units digit of (-4 - s)/((-1)/10)?
0
Suppose -5*u + 8*u - 8839 = -4*h, 5896 = 2*u + 2*h. What is the tens digit of u?
5
Suppose 5*h + 10 = 0, 0*s - 5*s - 3*h = 466. Let c = 65 - s. Suppose c + 11 = 4*f. What is the tens digit of f?
4
Suppose 36*l = 21*l + 1740. What is the hundreds digit of l?
1
Let i(a) = a - 1. Let h(z) = z - 1. Let f(s) = 3*h(s) - 4*i(s). Let c(v) = 7*v**2 + 4*v - 2. Let y(o) = c(o) + 3*f(o). What is the units digit of y(2)?
1
Let j be 226/4*(0 + -2)*-3. Suppose l = -4*l - 15, -3*o = -2*l - j. What is the hundreds digit of o?
1
Suppose 4*w - z - z = 776, -5*w - 5*z + 940 = 0. Suppose w = -5*g + 8*g. Suppose 0*b - 4*b + g = 5*r, -3*r + 23 = b. What is the tens digit of b?
1
Suppose 2*g = 4*o + 570, 708 = -2*o - 3*o + g. Let w = -42 - o. What is the tens digit of w?
9
Suppose 0 = x - 11 - 60. Suppose -5*z = -2*w - 2, 3*w - 2 = z + 4*z. Suppose -w*i - x = -179. What is the tens digit of i?
2
Suppose 4 = -2*m + 4*s, 3*m = -4*s + 6*s + 6. What is the units digit of m - 1 - -11 - (-1 + 4)?
1
Let z(m) = -33*m**3 + 3*m**2 - 3*m - 13. What is the hundreds digit of z(-2)?
2
Let u = -1056 + 1865. What is the hundreds digit of u?
8
Let l(q) = q**2 - 19*q - 21. Let k(x) = -2*x**2 + 38*x + 42. Let z(m) = -4*k(m) - 9*l(m). Let b be z(20). What is the units digit of 43 + (1 - b) + 1?
4
Suppose 3353 = 4*q + 3*z, 4*q = -z - 0*z + 3347. What is the tens digit of q?
3
Let n be -14 - -45 - (-1 + 4). Suppose k - 54 = n. What is the units digit of k?
2
Let g(q) = -q**3 - 17*q**2 + 16*q - 7. Let y be (-1 + 0)/(9/162). What is the units digit of g(y)?
9
Let o = 171 + -133. Suppose 0 = -35*i + o*i - 447. What is the tens digit of i?
4
Let h = -36 - -38. Suppose 7*m = -h*m + 1008. What is the units digit of m?
2
Let d(j) = j**2 + j + 3. Let x be d(-2). Suppose -57 = -x*y + 38. What is the tens digit of y?
1
Suppose 4*v - 4917 = v. What is the units digit of v?
9
Suppose 1061 = 2*r + 109. Suppose 0 = -j - 0*j - 4, 0 = 5*u + j - r. What is the tens digit of u?
9
Let t = 6 - 10. Let r(l) = -20*l + l**2 + 43*l + 1 - 21*l. What is the units digit of r(t)?
9
Let t = 5107 - -843. What is the thousands digit of t?
5
Let j = -54 + 72. What is the tens digit of j?
1
Suppose -4*b - 4*q - 8 = 0, 4*b - q + 1 + 2 = 0. Let y be ((-2)/(-4))/b*-6. Suppose 94 = y*k + 19. What is the units digit of k?
5
Let a = 31 - 63. Let f = a + 35. What is the tens digit of -4 - (-11)/1*f?
2
Suppose -3*d = 3*a - 36, -d = -a + 3 + 19. Let k(i) = -12*i - 6. Let m be k(-3). Let b = m + a. What is the units digit of b?
7
Let k(m) = -9*m + 17. Let p be k(6). Let x = p - -64. Suppose -t + 15 + 15 = 2*d, 3*d = -t + x. What is the units digit of t?
6
Suppose -2*t + 89 = -63. What is the tens digit of (-2*3 - -2) + t?
7
What is the thousands digit of -3 + 2 + (1946 - -5)?
1
Let y = 36 - 35. What is the tens digit of 1*(76 - (4 - y))?
7
Suppose 3*r - 541 = -3*i + 308, 0 = -2*r - 4*i + 564. What is the units digit of r?
4
Let p = 391 - -742. What is the tens digit of p?
3
Suppose 0 = 6*u - 31*u + 24150. What is the hundreds digit of u?
9
Let o be (3/2)/(7/14). Suppose -2*x = -5*u + 225, 48 + 87 = o*u + 4*x. Let q = 69 - u. What is the units digit of q?
4
Suppose 4*b = a - 481, 4*a + 4*b - 1555 = 269. What is the units digit of a?
1
Let q(m) = 122*m**2 - m - 2. Let i be q(-1). Let a = -36 + i. What is the units digit of a?
5
What is the units digit of -8 + (458 - (-2)/2)?
1
Let u be 1 - (4 + -2 - 3). Suppose -464 = -2*c - u*b, 5*c + 2*b + 2*b - 1156 = 0. What is the tens digit of c?
2
Let m = 12 + -8. Suppose 0 = -3*z + 5*n - 2, -4*z + 3*n = m*n - 5. What is the tens digit of 2844/84 - z/(-7)?
3
Let j(y) = -3*y**2 - 17*y - 6. Let t be j(-5). Suppose 4*q + 3*v = 261, t*q + 2*v = -3*v + 259. What is the units digit of q?
6
Let l be 14/21*1*33. Let m = 9 + l. What is the units digit of m?
1
Let q = 8159 - 2111. What is the units digit of q?
8
Let j be (-3 - -3) + 9/3. Suppose -5*h = j*o - 22, h - 2*o + 10 = 2*h. Suppose -g - 7 = -h*g. What is the units digit of g?
7
Let a(h) = -4*h - 15. Let z(g) = 9*g + 29. Let u(r) = -7*a(r) - 4*z(r). What is the tens digit of u(-9)?
6
Let d be 15/(-2) - 30/(-20). Let u = 12 + d. Suppose 0 = -4*z + u*z - 42. What is the units digit of z?
1
Suppose -2*k + 1142 = 3*j - 774, j = 2*k + 644. What is the units digit of j?
0
Let m = 4280 + -1823. What is the hundreds digit of m?
4
What is the hundreds digit of (1926 + 5 + -3)/2?
9
Let q(u) = 6*u + 5. Let z(j) = -6*j - 6. Let w(t) = -4*q(t) - 5*z(t). What is the units digit of w(4)?
4
Let u(n) be the second derivative of -n**3/2 - n**2/2 + 4*n. Let x be u(-2). Suppose -2*w = -x - 7. What is the units digit of w?
6
Suppose 4*d = -24 - 12. Let i = d + 6. What is the units digit of 9*i/(-1)*1?
7
Suppose 3*q - 5*m - 2979 = 0, -4*q = -4*m + 1565 - 5529. What is the units digit of q?
8
Let d(z) = -z**2 - 4*z - 3. Let g be d(-2). Suppose 18 + g = o. What is the units digit of o?
9
Suppose -2*u = -u + 5. What is the units digit of 2/u + (-693)/(-45)?
5
What is the units digit of (-3)/(-6) + 4*2818/16?
5
Suppose 4*x + x - 50 = 0. Let h(w) = -w**2 + 10*w + 11. What is the tens digit of h(x)?
1
Let a(k) = 2*k**3 + k**2. Let j(m) = -9*m**3 - 4*m**2 - 5*m - 2. Let b(p) = -5*a(p) - j(p). Let c be (10/4 - 1)*-2. What is the units digit of b(c)?
5
Let g(y) = 10 - 13 + 2*y + y**2 + 3*y. Let c be g(-6). What is the units digit of c + (-3 - 3*-2)?
6
Suppose -23*x + 5*x + 16434 = 0. What is the units digit of x?
3
Let i be (((-6)/1)/(-2))/(3/2330). Suppose -7*h = 3*h - i. What is the tens digit of h?
3
Suppose 0 = -4*f - 5*t + 5117, t = 4*f - 2407 - 2728. What is the units digit of f?
3
Suppose -3 + 18 = 5*n. Suppose k - 6*k + 26 = -n*d, -k - 8 = -5*d. What is the units digit of k?
7
Let o = 21 + -89. What is the tens digit of -77*(4 - o/(-14))?
6
Suppose -3*i + 6130 = 2*d - 7*d, i - d = 2040. What is the units digit of i?
5
Let a(b) = 602*b - 116. What is the thousands digit of a(4)?
2
Let g(w) = -w + 16. Let q be g(-10). What is the units digit of (59*(-1)/(-2))/(13/q)?
9
Let y be (-1 + (-1)/(-5))*360/(-48). Suppose 2*k - 3*c - 98 = 0, 2*c - 2 - y = 0. What is the units digit of k?
5
Suppose 5*r - 25 = 0, -3*r - 164 = -3*z + 346. Let j = -92 + z. Let n = -56 + j. What is the units digit of n?
7
What is the tens digit of 59430/112 - (-6)/16?
3
Suppose 0 - 3 = -y